{"id":201,"date":"2025-03-01T00:25:33","date_gmt":"2025-03-01T00:25:33","guid":{"rendered":"https:\/\/podologiamary.com\/stg\/?post_type=product&#038;p=201"},"modified":"2025-04-05T15:37:11","modified_gmt":"2025-04-05T15:37:11","slug":"terbinafina","status":"publish","type":"product","link":"https:\/\/podologiamary.com\/stg\/tienda\/lociones-antimicoticas\/terbinafina\/","title":{"rendered":"Terbinafina"},"content":{"rendered":"<h3>Terbinafina \u2013 Protecci\u00f3n avanzada contra hongos<\/h3>\n<p>La Terbinafina es una loci\u00f3n antimic\u00f3tica que elimina el crecimiento de hongos, previene infecciones futuras y calma la irritaci\u00f3n. Su f\u00f3rmula hidratante regenera la piel y la mantiene saludable.<\/p>\n","protected":false},"excerpt":{"rendered":"<p>Protecci\u00f3n efectiva contra hongos. Presentaci\u00f3n: 30 ML<\/p>\n","protected":false},"featured_media":202,"comment_status":"open","ping_status":"closed","template":"","meta":{"_acf_changed":false},"product_brand":[],"product_cat":[17],"product_tag":[25,26,27,28],"class_list":{"0":"post-201","1":"product","2":"type-product","3":"status-publish","4":"has-post-thumbnail","6":"product_cat-lociones-antimicoticas","7":"product_tag-acido-benzoico","8":"product_tag-aloe-vera","9":"product_tag-terbinafina","10":"product_tag-urea","12":"first","13":"instock","14":"shipping-taxable","15":"purchasable","16":"product-type-simple"},"acf":[],"yoast_head":"<!-- This site is optimized with the Yoast SEO plugin v27.3 - https:\/\/yoast.com\/product\/yoast-seo-wordpress\/ -->\n<title>Terbinafina | Lociones Antimic\u00f3ticas | Podolog\u00eda Mary<\/title>\n<meta name=\"description\" content=\"La Terbinafina es una loci\u00f3n antimic\u00f3tica que elimina el crecimiento de hongos, previene infecciones futuras y calma la irritaci\u00f3n.\" \/>\n<meta name=\"robots\" content=\"noindex, follow, max-snippet:-1, max-image-preview:large, max-video-preview:-1\" \/>\n<meta property=\"og:locale\" content=\"es_ES\" \/>\n<meta property=\"og:type\" content=\"article\" \/>\n<meta property=\"og:title\" content=\"Terbinafina | Lociones Antimic\u00f3ticas | Podolog\u00eda Mary\" \/>\n<meta property=\"og:description\" content=\"La Terbinafina es una loci\u00f3n antimic\u00f3tica que elimina el crecimiento de hongos, previene infecciones futuras y calma la irritaci\u00f3n.\" \/>\n<meta property=\"og:url\" content=\"https:\/\/podologiamary.com\/stg\/tienda\/lociones-antimicoticas\/terbinafina\/\" \/>\n<meta property=\"og:site_name\" content=\"Podolog\u00eda Mary\" \/>\n<meta property=\"article:publisher\" content=\"https:\/\/www.facebook.com\/podologiamaryperu\" \/>\n<meta property=\"article:modified_time\" content=\"2025-04-05T15:37:11+00:00\" \/>\n<meta property=\"og:image\" content=\"https:\/\/podologiamary.com\/stg\/wp-content\/uploads\/2025\/03\/Locion-Antimicoticas-Terbinafina-podologia-mary-3.jpg\" \/>\n\t<meta property=\"og:image:width\" content=\"800\" \/>\n\t<meta property=\"og:image:height\" content=\"800\" \/>\n\t<meta property=\"og:image:type\" content=\"image\/jpeg\" \/>\n<meta name=\"twitter:card\" content=\"summary_large_image\" \/>\n<meta name=\"twitter:site\" content=\"@PodologiaMary\" \/>\n<meta name=\"twitter:label1\" content=\"Tiempo de lectura\" \/>\n\t<meta name=\"twitter:data1\" content=\"1 minuto\" \/>\n<script type=\"application\/ld+json\" class=\"yoast-schema-graph\">{\"@context\":\"https:\\\/\\\/schema.org\",\"@graph\":[{\"@type\":\"WebPage\",\"@id\":\"https:\\\/\\\/podologiamary.com\\\/stg\\\/tienda\\\/lociones-antimicoticas\\\/terbinafina\\\/\",\"url\":\"https:\\\/\\\/podologiamary.com\\\/stg\\\/tienda\\\/lociones-antimicoticas\\\/terbinafina\\\/\",\"name\":\"Terbinafina | Lociones Antimic\u00f3ticas | Podolog\u00eda Mary\",\"isPartOf\":{\"@id\":\"https:\\\/\\\/podologiamary.com\\\/stg\\\/#website\"},\"primaryImageOfPage\":{\"@id\":\"https:\\\/\\\/podologiamary.com\\\/stg\\\/tienda\\\/lociones-antimicoticas\\\/terbinafina\\\/#primaryimage\"},\"image\":{\"@id\":\"https:\\\/\\\/podologiamary.com\\\/stg\\\/tienda\\\/lociones-antimicoticas\\\/terbinafina\\\/#primaryimage\"},\"thumbnailUrl\":\"https:\\\/\\\/podologiamary.com\\\/stg\\\/wp-content\\\/uploads\\\/2025\\\/03\\\/Locion-Antimicoticas-Terbinafina-podologia-mary-3.jpg\",\"datePublished\":\"2025-03-01T00:25:33+00:00\",\"dateModified\":\"2025-04-05T15:37:11+00:00\",\"description\":\"La Terbinafina es una loci\u00f3n antimic\u00f3tica que elimina el crecimiento de hongos, previene infecciones futuras y calma la irritaci\u00f3n.\",\"breadcrumb\":{\"@id\":\"https:\\\/\\\/podologiamary.com\\\/stg\\\/tienda\\\/lociones-antimicoticas\\\/terbinafina\\\/#breadcrumb\"},\"inLanguage\":\"es\",\"potentialAction\":[{\"@type\":\"ReadAction\",\"target\":[\"https:\\\/\\\/podologiamary.com\\\/stg\\\/tienda\\\/lociones-antimicoticas\\\/terbinafina\\\/\"]}]},{\"@type\":\"ImageObject\",\"inLanguage\":\"es\",\"@id\":\"https:\\\/\\\/podologiamary.com\\\/stg\\\/tienda\\\/lociones-antimicoticas\\\/terbinafina\\\/#primaryimage\",\"url\":\"https:\\\/\\\/podologiamary.com\\\/stg\\\/wp-content\\\/uploads\\\/2025\\\/03\\\/Locion-Antimicoticas-Terbinafina-podologia-mary-3.jpg\",\"contentUrl\":\"https:\\\/\\\/podologiamary.com\\\/stg\\\/wp-content\\\/uploads\\\/2025\\\/03\\\/Locion-Antimicoticas-Terbinafina-podologia-mary-3.jpg\",\"width\":800,\"height\":800},{\"@type\":\"BreadcrumbList\",\"@id\":\"https:\\\/\\\/podologiamary.com\\\/stg\\\/tienda\\\/lociones-antimicoticas\\\/terbinafina\\\/#breadcrumb\",\"itemListElement\":[{\"@type\":\"ListItem\",\"position\":1,\"name\":\"Inicio\",\"item\":\"https:\\\/\\\/podologiamary.com\\\/stg\\\/\"},{\"@type\":\"ListItem\",\"position\":2,\"name\":\"Tienda\",\"item\":\"https:\\\/\\\/podologiamary.com\\\/stg\\\/tienda\\\/\"},{\"@type\":\"ListItem\",\"position\":3,\"name\":\"Lociones Antimic\u00f3ticas\",\"item\":\"https:\\\/\\\/podologiamary.com\\\/stg\\\/productos\\\/lociones-antimicoticas\\\/\"},{\"@type\":\"ListItem\",\"position\":4,\"name\":\"Terbinafina\"}]},{\"@type\":\"WebSite\",\"@id\":\"https:\\\/\\\/podologiamary.com\\\/stg\\\/#website\",\"url\":\"https:\\\/\\\/podologiamary.com\\\/stg\\\/\",\"name\":\"Podolog\u00eda Mary\",\"description\":\"\",\"publisher\":{\"@id\":\"https:\\\/\\\/podologiamary.com\\\/stg\\\/#organization\"},\"potentialAction\":[{\"@type\":\"SearchAction\",\"target\":{\"@type\":\"EntryPoint\",\"urlTemplate\":\"https:\\\/\\\/podologiamary.com\\\/stg\\\/?s={search_term_string}\"},\"query-input\":{\"@type\":\"PropertyValueSpecification\",\"valueRequired\":true,\"valueName\":\"search_term_string\"}}],\"inLanguage\":\"es\"},{\"@type\":\"Organization\",\"@id\":\"https:\\\/\\\/podologiamary.com\\\/stg\\\/#organization\",\"name\":\"Podolog\u00eda Mary\",\"url\":\"https:\\\/\\\/podologiamary.com\\\/stg\\\/\",\"logo\":{\"@type\":\"ImageObject\",\"inLanguage\":\"es\",\"@id\":\"https:\\\/\\\/podologiamary.com\\\/stg\\\/#\\\/schema\\\/logo\\\/image\\\/\",\"url\":\"https:\\\/\\\/podologiamary.com\\\/stg\\\/wp-content\\\/uploads\\\/2025\\\/03\\\/podologia-mary-logo.png\",\"contentUrl\":\"https:\\\/\\\/podologiamary.com\\\/stg\\\/wp-content\\\/uploads\\\/2025\\\/03\\\/podologia-mary-logo.png\",\"width\":357,\"height\":153,\"caption\":\"Podolog\u00eda Mary\"},\"image\":{\"@id\":\"https:\\\/\\\/podologiamary.com\\\/stg\\\/#\\\/schema\\\/logo\\\/image\\\/\"},\"sameAs\":[\"https:\\\/\\\/www.facebook.com\\\/podologiamaryperu\",\"https:\\\/\\\/x.com\\\/PodologiaMary\",\"https:\\\/\\\/www.instagram.com\\\/podologia_mary\\\/\",\"https:\\\/\\\/www.linkedin.com\\\/company\\\/podologia-mary\\\/\"]}]}<\/script>\n<!-- \/ Yoast SEO plugin. -->","yoast_head_json":{"title":"Terbinafina | Lociones Antimic\u00f3ticas | Podolog\u00eda Mary","description":"La Terbinafina es una loci\u00f3n antimic\u00f3tica que elimina el crecimiento de hongos, previene infecciones futuras y calma la irritaci\u00f3n.","robots":{"index":"noindex","follow":"follow","max-snippet":"max-snippet:-1","max-image-preview":"max-image-preview:large","max-video-preview":"max-video-preview:-1"},"og_locale":"es_ES","og_type":"article","og_title":"Terbinafina | Lociones Antimic\u00f3ticas | Podolog\u00eda Mary","og_description":"La Terbinafina es una loci\u00f3n antimic\u00f3tica que elimina el crecimiento de hongos, previene infecciones futuras y calma la irritaci\u00f3n.","og_url":"https:\/\/podologiamary.com\/stg\/tienda\/lociones-antimicoticas\/terbinafina\/","og_site_name":"Podolog\u00eda Mary","article_publisher":"https:\/\/www.facebook.com\/podologiamaryperu","article_modified_time":"2025-04-05T15:37:11+00:00","og_image":[{"width":800,"height":800,"url":"https:\/\/podologiamary.com\/stg\/wp-content\/uploads\/2025\/03\/Locion-Antimicoticas-Terbinafina-podologia-mary-3.jpg","type":"image\/jpeg"}],"twitter_card":"summary_large_image","twitter_site":"@PodologiaMary","twitter_misc":{"Tiempo de lectura":"1 minuto"},"schema":{"@context":"https:\/\/schema.org","@graph":[{"@type":"WebPage","@id":"https:\/\/podologiamary.com\/stg\/tienda\/lociones-antimicoticas\/terbinafina\/","url":"https:\/\/podologiamary.com\/stg\/tienda\/lociones-antimicoticas\/terbinafina\/","name":"Terbinafina | Lociones Antimic\u00f3ticas | Podolog\u00eda Mary","isPartOf":{"@id":"https:\/\/podologiamary.com\/stg\/#website"},"primaryImageOfPage":{"@id":"https:\/\/podologiamary.com\/stg\/tienda\/lociones-antimicoticas\/terbinafina\/#primaryimage"},"image":{"@id":"https:\/\/podologiamary.com\/stg\/tienda\/lociones-antimicoticas\/terbinafina\/#primaryimage"},"thumbnailUrl":"https:\/\/podologiamary.com\/stg\/wp-content\/uploads\/2025\/03\/Locion-Antimicoticas-Terbinafina-podologia-mary-3.jpg","datePublished":"2025-03-01T00:25:33+00:00","dateModified":"2025-04-05T15:37:11+00:00","description":"La Terbinafina es una loci\u00f3n antimic\u00f3tica que elimina el crecimiento de hongos, previene infecciones futuras y calma la irritaci\u00f3n.","breadcrumb":{"@id":"https:\/\/podologiamary.com\/stg\/tienda\/lociones-antimicoticas\/terbinafina\/#breadcrumb"},"inLanguage":"es","potentialAction":[{"@type":"ReadAction","target":["https:\/\/podologiamary.com\/stg\/tienda\/lociones-antimicoticas\/terbinafina\/"]}]},{"@type":"ImageObject","inLanguage":"es","@id":"https:\/\/podologiamary.com\/stg\/tienda\/lociones-antimicoticas\/terbinafina\/#primaryimage","url":"https:\/\/podologiamary.com\/stg\/wp-content\/uploads\/2025\/03\/Locion-Antimicoticas-Terbinafina-podologia-mary-3.jpg","contentUrl":"https:\/\/podologiamary.com\/stg\/wp-content\/uploads\/2025\/03\/Locion-Antimicoticas-Terbinafina-podologia-mary-3.jpg","width":800,"height":800},{"@type":"BreadcrumbList","@id":"https:\/\/podologiamary.com\/stg\/tienda\/lociones-antimicoticas\/terbinafina\/#breadcrumb","itemListElement":[{"@type":"ListItem","position":1,"name":"Inicio","item":"https:\/\/podologiamary.com\/stg\/"},{"@type":"ListItem","position":2,"name":"Tienda","item":"https:\/\/podologiamary.com\/stg\/tienda\/"},{"@type":"ListItem","position":3,"name":"Lociones Antimic\u00f3ticas","item":"https:\/\/podologiamary.com\/stg\/productos\/lociones-antimicoticas\/"},{"@type":"ListItem","position":4,"name":"Terbinafina"}]},{"@type":"WebSite","@id":"https:\/\/podologiamary.com\/stg\/#website","url":"https:\/\/podologiamary.com\/stg\/","name":"Podolog\u00eda Mary","description":"","publisher":{"@id":"https:\/\/podologiamary.com\/stg\/#organization"},"potentialAction":[{"@type":"SearchAction","target":{"@type":"EntryPoint","urlTemplate":"https:\/\/podologiamary.com\/stg\/?s={search_term_string}"},"query-input":{"@type":"PropertyValueSpecification","valueRequired":true,"valueName":"search_term_string"}}],"inLanguage":"es"},{"@type":"Organization","@id":"https:\/\/podologiamary.com\/stg\/#organization","name":"Podolog\u00eda Mary","url":"https:\/\/podologiamary.com\/stg\/","logo":{"@type":"ImageObject","inLanguage":"es","@id":"https:\/\/podologiamary.com\/stg\/#\/schema\/logo\/image\/","url":"https:\/\/podologiamary.com\/stg\/wp-content\/uploads\/2025\/03\/podologia-mary-logo.png","contentUrl":"https:\/\/podologiamary.com\/stg\/wp-content\/uploads\/2025\/03\/podologia-mary-logo.png","width":357,"height":153,"caption":"Podolog\u00eda Mary"},"image":{"@id":"https:\/\/podologiamary.com\/stg\/#\/schema\/logo\/image\/"},"sameAs":["https:\/\/www.facebook.com\/podologiamaryperu","https:\/\/x.com\/PodologiaMary","https:\/\/www.instagram.com\/podologia_mary\/","https:\/\/www.linkedin.com\/company\/podologia-mary\/"]}]}},"_links":{"self":[{"href":"https:\/\/podologiamary.com\/stg\/wp-json\/wp\/v2\/product\/201","targetHints":{"allow":["GET"]}}],"collection":[{"href":"https:\/\/podologiamary.com\/stg\/wp-json\/wp\/v2\/product"}],"about":[{"href":"https:\/\/podologiamary.com\/stg\/wp-json\/wp\/v2\/types\/product"}],"replies":[{"embeddable":true,"href":"https:\/\/podologiamary.com\/stg\/wp-json\/wp\/v2\/comments?post=201"}],"wp:featuredmedia":[{"embeddable":true,"href":"https:\/\/podologiamary.com\/stg\/wp-json\/wp\/v2\/media\/202"}],"wp:attachment":[{"href":"https:\/\/podologiamary.com\/stg\/wp-json\/wp\/v2\/media?parent=201"}],"wp:term":[{"taxonomy":"product_brand","embeddable":true,"href":"https:\/\/podologiamary.com\/stg\/wp-json\/wp\/v2\/product_brand?post=201"},{"taxonomy":"product_cat","embeddable":true,"href":"https:\/\/podologiamary.com\/stg\/wp-json\/wp\/v2\/product_cat?post=201"},{"taxonomy":"product_tag","embeddable":true,"href":"https:\/\/podologiamary.com\/stg\/wp-json\/wp\/v2\/product_tag?post=201"}],"curies":[{"name":"wp","href":"https:\/\/api.w.org\/{rel}","templated":true}]}}