{"id":647,"date":"2025-03-05T02:14:32","date_gmt":"2025-03-05T02:14:32","guid":{"rendered":"https:\/\/podologiamary.com\/stg\/?page_id=647"},"modified":"2025-03-05T02:15:18","modified_gmt":"2025-03-05T02:15:18","slug":"terminos-y-condiciones","status":"publish","type":"page","link":"https:\/\/podologiamary.com\/stg\/terminos-y-condiciones\/","title":{"rendered":"T\u00e9rminos y Condiciones"},"content":{"rendered":"\t\t<div data-elementor-type=\"wp-page\" data-elementor-id=\"647\" class=\"elementor elementor-647\" data-elementor-post-type=\"page\">\n\t\t\t\t<div class=\"elementor-element elementor-element-b6b04ba e-flex e-con-boxed e-con e-parent\" data-id=\"b6b04ba\" data-element_type=\"container\" data-e-type=\"container\">\n\t\t\t\t\t<div class=\"e-con-inner\">\n\t\t<div class=\"elementor-element elementor-element-9a3e811 e-con-full e-flex e-con e-child\" data-id=\"9a3e811\" data-element_type=\"container\" data-e-type=\"container\">\n\t\t<div class=\"elementor-element elementor-element-25c1e66 e-con-full e-flex e-con e-child\" data-id=\"25c1e66\" data-element_type=\"container\" data-e-type=\"container\">\n\t\t\t\t<div class=\"elementor-element elementor-element-cc47bec elementor-absolute elementor-widget-divider--view-line elementor-widget elementor-widget-divider\" data-id=\"cc47bec\" data-element_type=\"widget\" data-e-type=\"widget\" data-settings=\"{&quot;_position&quot;:&quot;absolute&quot;}\" data-widget_type=\"divider.default\">\n\t\t\t\t<div class=\"elementor-widget-container\">\n\t\t\t\t\t\t\t<div class=\"elementor-divider\">\n\t\t\t<span class=\"elementor-divider-separator\">\n\t\t\t\t\t\t<\/span>\n\t\t<\/div>\n\t\t\t\t\t\t<\/div>\n\t\t\t\t<\/div>\n\t\t\t\t<div class=\"elementor-element elementor-element-b2642cb elementor-view-default elementor-widget elementor-widget-icon\" data-id=\"b2642cb\" data-element_type=\"widget\" data-e-type=\"widget\" data-widget_type=\"icon.default\">\n\t\t\t\t<div class=\"elementor-widget-container\">\n\t\t\t\t\t\t\t<div class=\"elementor-icon-wrapper\">\n\t\t\t<div class=\"elementor-icon\">\n\t\t\t<i aria-hidden=\"true\" class=\"icon icon-flower\"><\/i>\t\t\t<\/div>\n\t\t<\/div>\n\t\t\t\t\t\t<\/div>\n\t\t\t\t<\/div>\n\t\t\t\t<\/div>\n\t\t\t\t<div class=\"elementor-element elementor-element-10b09f75 elementor-widget elementor-widget-text-editor\" data-id=\"10b09f75\" data-element_type=\"widget\" data-e-type=\"widget\" data-widget_type=\"text-editor.default\">\n\t\t\t\t<div class=\"elementor-widget-container\">\n\t\t\t\t\t\t\t\t\t\n<p><strong>INFORMACI\u00d3N RELEVANTE<\/strong><\/p>\n<p>Es requisito necesario para la adquisici\u00f3n de los productos que se ofrecen en este sitio, que lea y acepte los siguientes T\u00e9rminos y Condiciones que a continuaci\u00f3n se redactan. El uso de nuestros servicios as\u00ed como la compra de nuestros productos implicar\u00e1 que usted ha le\u00eddo y aceptado los T\u00e9rminos y Condiciones de Uso en el presente documento.<\/p>\n<p><strong>LICENCIA<\/strong><\/p>\n<p>Podolog\u00eda Mary a trav\u00e9s de su sitio web concede una licencia para que los usuarios utilicen los productos que son vendidos en este sitio web de acuerdo a los T\u00e9rminos y Condiciones que se describen en este documento.<\/p>\n<p><strong>USO NO AUTORIZADO<\/strong><\/p>\n<p>En caso de que aplique (para venta de software, templetes, u otro producto de dise\u00f1o y programaci\u00f3n) usted no puede colocar uno de nuestros productos, modificado o sin modificar, en un CD, sitio web o ning\u00fan otro medio y ofrecerlos para la redistribuci\u00f3n o la reventa de ning\u00fan tipo.<\/p>\n<p><strong>PROPIEDAD<\/strong><\/p>\n<p>Usted no puede declarar propiedad intelectual o exclusiva a ninguno de nuestros productos, modificado o sin modificar. Todos los productos son propiedad de los proveedores del contenido. En caso de que no se especifique lo contrario, nuestros productos se proporcionan sin ning\u00fan tipo de garant\u00eda, expresa o impl\u00edcita. En ning\u00fan caso esta compa\u00f1\u00eda ser\u00e1 responsable de ning\u00fan da\u00f1o incluyendo, pero no limitado a, da\u00f1os directos, indirectos, especiales, fortuitos o consecuentes u otras p\u00e9rdidas resultantes del uso o de la imposibilidad de utilizar nuestros productos.<\/p>\n<p><strong>POL\u00cdTICA DE REEMBOLSO Y GARANT\u00cdA<\/strong><\/p>\n<p>En el caso de productos que sean mercanc\u00edas irrevocables no-tangibles, no realizamos reembolsos despu\u00e9s de que se env\u00ede el producto, usted tiene la responsabilidad de entender antes de comprarlo. Le pedimos que lea cuidadosamente antes de comprarlo. Hacemos solamente excepciones con esta regla cuando la descripci\u00f3n no se ajusta al producto. Hay algunos productos que pudieran tener garant\u00eda y posibilidad de reembolso pero este ser\u00e1 especificado al comprar el producto. En tales casos, la garant\u00eda solo cubrir\u00e1 fallas de f\u00e1brica y s\u00f3lo se har\u00e1 efectiva cuando el producto se haya usado correctamente.<\/p>\n<p><strong>COMPROBACI\u00d3N ANTIFRAUDE<\/strong><\/p>\n<p>La compra del cliente puede ser aplazada para la comprobaci\u00f3n antifraude. Tambi\u00e9n puede ser suspendida por m\u00e1s tiempo para una investigaci\u00f3n m\u00e1s rigurosa, para evitar transacciones fraudulentas.<\/p>\n<p><strong>PRIVACIDAD<\/strong><\/p>\n<p>Este sitio web garantiza que la informaci\u00f3n personal que usted env\u00eda cuenta con la seguridad necesaria. Los datos ingresados por usuario o en el caso de requerir una validaci\u00f3n de los pedidos no ser\u00e1n entregados a terceros, salvo que deba ser revelada en cumplimiento a una orden judicial o requerimientos legales.<\/p>\n<p><strong>ENV\u00cdO Y PRESENTACI\u00d3N DE PRODUCTOS<\/strong><\/p>\n<ul>\n<li>Las im\u00e1genes de los productos en nuestro sitio son referenciales y la presentaci\u00f3n de los productos puede variar, pero la composici\u00f3n y calidad permanecer\u00e1n seg\u00fan lo descrito.<\/li>\n<li>Las compras realizadas en el sitio no incluyen el costo de env\u00edo. Tras realizar una compra, nos pondremos en contacto con usted a trav\u00e9s de <a target=\"_new\" rel=\"noopener\">citas@podologiamary.com<\/a> para coordinar la entrega.<\/li>\n<li>Para env\u00edos fuera de nuestra \u00e1rea local, se aplicar\u00e1 un cargo extra por el transporte del producto a la agencia de env\u00edo.<\/li>\n<\/ul>\n<p><strong>MODIFICACIONES A LOS T\u00c9RMINOS Y CONDICIONES<\/strong><\/p>\n<p>Podolog\u00eda Mary reserva los derechos de cambiar o de modificar estos t\u00e9rminos sin previo aviso.<\/p>\t\t\t\t\t\t\t\t<\/div>\n\t\t\t\t<\/div>\n\t\t\t\t<\/div>\n\t\t\t\t\t<\/div>\n\t\t\t\t<\/div>\n\t\t\t\t<\/div>\n\t\t","protected":false},"excerpt":{"rendered":"<p>INFORMACI\u00d3N RELEVANTE Es requisito necesario para la adquisici\u00f3n de los productos que se ofrecen en este sitio, que lea y acepte los siguientes T\u00e9rminos y Condiciones que a continuaci\u00f3n se redactan. El uso de nuestros servicios as\u00ed como la compra de nuestros productos implicar\u00e1 que usted ha le\u00eddo y aceptado los T\u00e9rminos y Condiciones de [&hellip;]<\/p>\n","protected":false},"author":1,"featured_media":0,"parent":0,"menu_order":0,"comment_status":"closed","ping_status":"closed","template":"","meta":{"_acf_changed":false,"footnotes":""},"class_list":["post-647","page","type-page","status-publish","hentry"],"acf":[],"yoast_head":"<!-- This site is optimized with the Yoast SEO plugin v27.3 - https:\/\/yoast.com\/product\/yoast-seo-wordpress\/ -->\n<title>T\u00e9rminos y Condiciones - Podolog\u00eda Mary<\/title>\n<meta name=\"robots\" content=\"noindex, follow, max-snippet:-1, max-image-preview:large, max-video-preview:-1\" \/>\n<meta property=\"og:locale\" content=\"es_ES\" \/>\n<meta property=\"og:type\" content=\"article\" \/>\n<meta property=\"og:title\" content=\"T\u00e9rminos y Condiciones - Podolog\u00eda Mary\" \/>\n<meta property=\"og:description\" content=\"INFORMACI\u00d3N RELEVANTE Es requisito necesario para la adquisici\u00f3n de los productos que se ofrecen en este sitio, que lea y acepte los siguientes T\u00e9rminos y Condiciones que a continuaci\u00f3n se redactan. El uso de nuestros servicios as\u00ed como la compra de nuestros productos implicar\u00e1 que usted ha le\u00eddo y aceptado los T\u00e9rminos y Condiciones de [&hellip;]\" \/>\n<meta property=\"og:url\" content=\"https:\/\/podologiamary.com\/stg\/terminos-y-condiciones\/\" \/>\n<meta property=\"og:site_name\" content=\"Podolog\u00eda Mary\" \/>\n<meta property=\"article:publisher\" content=\"https:\/\/www.facebook.com\/podologiamaryperu\" \/>\n<meta property=\"article:modified_time\" content=\"2025-03-05T02:15:18+00:00\" \/>\n<meta name=\"twitter:card\" content=\"summary_large_image\" \/>\n<meta name=\"twitter:site\" content=\"@PodologiaMary\" \/>\n<meta name=\"twitter:label1\" content=\"Tiempo de lectura\" \/>\n\t<meta name=\"twitter:data1\" content=\"2 minutos\" \/>\n<script type=\"application\/ld+json\" class=\"yoast-schema-graph\">{\"@context\":\"https:\\\/\\\/schema.org\",\"@graph\":[{\"@type\":\"WebPage\",\"@id\":\"https:\\\/\\\/podologiamary.com\\\/stg\\\/terminos-y-condiciones\\\/\",\"url\":\"https:\\\/\\\/podologiamary.com\\\/stg\\\/terminos-y-condiciones\\\/\",\"name\":\"T\u00e9rminos y Condiciones - Podolog\u00eda Mary\",\"isPartOf\":{\"@id\":\"https:\\\/\\\/podologiamary.com\\\/stg\\\/#website\"},\"datePublished\":\"2025-03-05T02:14:32+00:00\",\"dateModified\":\"2025-03-05T02:15:18+00:00\",\"breadcrumb\":{\"@id\":\"https:\\\/\\\/podologiamary.com\\\/stg\\\/terminos-y-condiciones\\\/#breadcrumb\"},\"inLanguage\":\"es\",\"potentialAction\":[{\"@type\":\"ReadAction\",\"target\":[\"https:\\\/\\\/podologiamary.com\\\/stg\\\/terminos-y-condiciones\\\/\"]}]},{\"@type\":\"BreadcrumbList\",\"@id\":\"https:\\\/\\\/podologiamary.com\\\/stg\\\/terminos-y-condiciones\\\/#breadcrumb\",\"itemListElement\":[{\"@type\":\"ListItem\",\"position\":1,\"name\":\"Inicio\",\"item\":\"https:\\\/\\\/podologiamary.com\\\/stg\\\/\"},{\"@type\":\"ListItem\",\"position\":2,\"name\":\"T\u00e9rminos y Condiciones\"}]},{\"@type\":\"WebSite\",\"@id\":\"https:\\\/\\\/podologiamary.com\\\/stg\\\/#website\",\"url\":\"https:\\\/\\\/podologiamary.com\\\/stg\\\/\",\"name\":\"Podolog\u00eda Mary\",\"description\":\"\",\"publisher\":{\"@id\":\"https:\\\/\\\/podologiamary.com\\\/stg\\\/#organization\"},\"potentialAction\":[{\"@type\":\"SearchAction\",\"target\":{\"@type\":\"EntryPoint\",\"urlTemplate\":\"https:\\\/\\\/podologiamary.com\\\/stg\\\/?s={search_term_string}\"},\"query-input\":{\"@type\":\"PropertyValueSpecification\",\"valueRequired\":true,\"valueName\":\"search_term_string\"}}],\"inLanguage\":\"es\"},{\"@type\":\"Organization\",\"@id\":\"https:\\\/\\\/podologiamary.com\\\/stg\\\/#organization\",\"name\":\"Podolog\u00eda Mary\",\"url\":\"https:\\\/\\\/podologiamary.com\\\/stg\\\/\",\"logo\":{\"@type\":\"ImageObject\",\"inLanguage\":\"es\",\"@id\":\"https:\\\/\\\/podologiamary.com\\\/stg\\\/#\\\/schema\\\/logo\\\/image\\\/\",\"url\":\"https:\\\/\\\/podologiamary.com\\\/stg\\\/wp-content\\\/uploads\\\/2025\\\/03\\\/podologia-mary-logo.png\",\"contentUrl\":\"https:\\\/\\\/podologiamary.com\\\/stg\\\/wp-content\\\/uploads\\\/2025\\\/03\\\/podologia-mary-logo.png\",\"width\":357,\"height\":153,\"caption\":\"Podolog\u00eda Mary\"},\"image\":{\"@id\":\"https:\\\/\\\/podologiamary.com\\\/stg\\\/#\\\/schema\\\/logo\\\/image\\\/\"},\"sameAs\":[\"https:\\\/\\\/www.facebook.com\\\/podologiamaryperu\",\"https:\\\/\\\/x.com\\\/PodologiaMary\",\"https:\\\/\\\/www.instagram.com\\\/podologia_mary\\\/\",\"https:\\\/\\\/www.linkedin.com\\\/company\\\/podologia-mary\\\/\"]}]}<\/script>\n<!-- \/ Yoast SEO plugin. -->","yoast_head_json":{"title":"T\u00e9rminos y Condiciones - Podolog\u00eda Mary","robots":{"index":"noindex","follow":"follow","max-snippet":"max-snippet:-1","max-image-preview":"max-image-preview:large","max-video-preview":"max-video-preview:-1"},"og_locale":"es_ES","og_type":"article","og_title":"T\u00e9rminos y Condiciones - Podolog\u00eda Mary","og_description":"INFORMACI\u00d3N RELEVANTE Es requisito necesario para la adquisici\u00f3n de los productos que se ofrecen en este sitio, que lea y acepte los siguientes T\u00e9rminos y Condiciones que a continuaci\u00f3n se redactan. El uso de nuestros servicios as\u00ed como la compra de nuestros productos implicar\u00e1 que usted ha le\u00eddo y aceptado los T\u00e9rminos y Condiciones de [&hellip;]","og_url":"https:\/\/podologiamary.com\/stg\/terminos-y-condiciones\/","og_site_name":"Podolog\u00eda Mary","article_publisher":"https:\/\/www.facebook.com\/podologiamaryperu","article_modified_time":"2025-03-05T02:15:18+00:00","twitter_card":"summary_large_image","twitter_site":"@PodologiaMary","twitter_misc":{"Tiempo de lectura":"2 minutos"},"schema":{"@context":"https:\/\/schema.org","@graph":[{"@type":"WebPage","@id":"https:\/\/podologiamary.com\/stg\/terminos-y-condiciones\/","url":"https:\/\/podologiamary.com\/stg\/terminos-y-condiciones\/","name":"T\u00e9rminos y Condiciones - Podolog\u00eda Mary","isPartOf":{"@id":"https:\/\/podologiamary.com\/stg\/#website"},"datePublished":"2025-03-05T02:14:32+00:00","dateModified":"2025-03-05T02:15:18+00:00","breadcrumb":{"@id":"https:\/\/podologiamary.com\/stg\/terminos-y-condiciones\/#breadcrumb"},"inLanguage":"es","potentialAction":[{"@type":"ReadAction","target":["https:\/\/podologiamary.com\/stg\/terminos-y-condiciones\/"]}]},{"@type":"BreadcrumbList","@id":"https:\/\/podologiamary.com\/stg\/terminos-y-condiciones\/#breadcrumb","itemListElement":[{"@type":"ListItem","position":1,"name":"Inicio","item":"https:\/\/podologiamary.com\/stg\/"},{"@type":"ListItem","position":2,"name":"T\u00e9rminos y Condiciones"}]},{"@type":"WebSite","@id":"https:\/\/podologiamary.com\/stg\/#website","url":"https:\/\/podologiamary.com\/stg\/","name":"Podolog\u00eda Mary","description":"","publisher":{"@id":"https:\/\/podologiamary.com\/stg\/#organization"},"potentialAction":[{"@type":"SearchAction","target":{"@type":"EntryPoint","urlTemplate":"https:\/\/podologiamary.com\/stg\/?s={search_term_string}"},"query-input":{"@type":"PropertyValueSpecification","valueRequired":true,"valueName":"search_term_string"}}],"inLanguage":"es"},{"@type":"Organization","@id":"https:\/\/podologiamary.com\/stg\/#organization","name":"Podolog\u00eda Mary","url":"https:\/\/podologiamary.com\/stg\/","logo":{"@type":"ImageObject","inLanguage":"es","@id":"https:\/\/podologiamary.com\/stg\/#\/schema\/logo\/image\/","url":"https:\/\/podologiamary.com\/stg\/wp-content\/uploads\/2025\/03\/podologia-mary-logo.png","contentUrl":"https:\/\/podologiamary.com\/stg\/wp-content\/uploads\/2025\/03\/podologia-mary-logo.png","width":357,"height":153,"caption":"Podolog\u00eda Mary"},"image":{"@id":"https:\/\/podologiamary.com\/stg\/#\/schema\/logo\/image\/"},"sameAs":["https:\/\/www.facebook.com\/podologiamaryperu","https:\/\/x.com\/PodologiaMary","https:\/\/www.instagram.com\/podologia_mary\/","https:\/\/www.linkedin.com\/company\/podologia-mary\/"]}]}},"_links":{"self":[{"href":"https:\/\/podologiamary.com\/stg\/wp-json\/wp\/v2\/pages\/647","targetHints":{"allow":["GET"]}}],"collection":[{"href":"https:\/\/podologiamary.com\/stg\/wp-json\/wp\/v2\/pages"}],"about":[{"href":"https:\/\/podologiamary.com\/stg\/wp-json\/wp\/v2\/types\/page"}],"author":[{"embeddable":true,"href":"https:\/\/podologiamary.com\/stg\/wp-json\/wp\/v2\/users\/1"}],"replies":[{"embeddable":true,"href":"https:\/\/podologiamary.com\/stg\/wp-json\/wp\/v2\/comments?post=647"}],"version-history":[{"count":0,"href":"https:\/\/podologiamary.com\/stg\/wp-json\/wp\/v2\/pages\/647\/revisions"}],"wp:attachment":[{"href":"https:\/\/podologiamary.com\/stg\/wp-json\/wp\/v2\/media?parent=647"}],"curies":[{"name":"wp","href":"https:\/\/api.w.org\/{rel}","templated":true}]}}